30
Let g(h) = h**3 + 2*h**2 - 1. Let p be g(3). What is the highest common divisor of 396 and p?
44
Let t(y) = 2*y**2 - 5*y + 4. Let m be t(4). What is the highest common factor of m and 12?
4
Let d(q) = -2*q**2 + 3*q - 5. Let a(h) = 4*h**2 - 5*h + 9. Let x(f) = 3*a(f) + 5*d(f). Let m be x(-2). What is the greatest common divisor of 2 and m?
2
Suppose 8*x - 265 + 73 = 0. What is the greatest common factor of x and 264?
24
Suppose 0*s + 152 = 4*s. Suppose -t + 109 = 2*b, -t + 280 = 5*b - 0*t. What is the highest common factor of s and b?
19
Suppose -4*k + 213 = -75. What is the highest common divisor of k and 8?
8
Let q(f) = -f**3 - 6*f**2 + f. Let u be q(-6). Let j be (-3 + 36/(-4))*-1. Let k = j + u. What is the highest common divisor of 48 and k?
6
Let m = 15 + 9. Let v(q) = -2*q. Let i be v(-2). What is the greatest common factor of m and i?
4
Let q(h) = 8*h - 59. Let x be q(12). Calculate the greatest common divisor of 148 and x.
37
Let q be (-1 - (-4)/8)*-24. Suppose 0*i = i - 6. What is the highest common factor of q and i?
6
Let z(t) = -t**2 + 13*t - 12. Let y be z(9). Calculate the greatest common factor of 24 and y.
24
Let x(k) = 5*k**3 - 5*k**2 + 6*k + 4. Let y be x(3). Calculate the highest common divisor of y and 14.
14
Suppose -3*k + 3*m = 2*m + 79, 0 = -3*k - 5*m - 91. Let t be 6/k - 584/(-36). What is the highest common factor of t and 16?
16
Let i be 8 + 3 + -1 + -2. Suppose -g + 1 = 3*a, 0*a + 5*g - 5 = -4*a. Suppose -3*o + 197 + 67 = a. Calculate the highest common divisor of o and i.
8
Let m(p) be the first derivative of 1 + 1/2*p**2 + 7*p + 1/3*p**3. Let y be m(0). What is the highest common factor of y and 77?
7
Let s(k) = k**2 + 10*k + 2. Let r be s(-10). Suppose -n + 183 = 4*o - 613, 5*n + 376 = r*o. Calculate the greatest common factor of o and 18.
18
Let j(b) = -4*b - 4 + 3 - b**3 + 6*b**2 + 0*b. Let z be -2*(2 + 1)*(-16)/24. Let p be j(z). What is the greatest common divisor of p and 30?
15
Suppose 0*a = 5*a. Let t = a - -6. Calculate the greatest common divisor of t and 4.
2
Let a(v) = -5*v**2 + v. Let g be a(1). Let u(x) = 5*x**2 + 2*x + 6. Let w be u(g). Suppose t + t = w. Calculate the highest common divisor of t and 13.
13
Let g be -3 + 1*24 + -3. Let r be 6*-1*15/(-2). Calculate the highest common divisor of g and r.
9
Suppose -38 - 2 = -2*d. Let p(n) = 2*n**2 + 2. Let z be p(2). Calculate the greatest common divisor of d and z.
10
Let t(u) = 2*u**3 - 17*u**2 + 12*u. Let m be t(8). What is the highest common factor of 80 and m?
16
Suppose 0 = 5*z + 2*r - 6*r - 144, 0 = 2*r - 8. Let p(i) = 5*i**2 + 4. Let q be p(-3). Let u = q + 31. What is the greatest common factor of z and u?
16
Let r be 2*-1*6/(-4). Let t be (-11)/(-3) + (-4)/6. Suppose r*w - 42 = -3*l, 4*w + 28 = 2*l + t*w. What is the highest common factor of l and 84?
14
Let p be (-9)/(-3) + 1 + 2. Suppose p - 3 = u. Let m(c) = 5*c - 2. Let b be m(4). Calculate the greatest common factor of u and b.
3
Let i be 6/(-2) + (107 - -4). Calculate the greatest common factor of 12 and i.
12
Let l be 12/16 + 1 + (-6)/8. What is the greatest common divisor of l and 7?
1
Let l = 1 + 5. Let r be (1*39)/(2/l). Calculate the highest common factor of r and 13.
13
Suppose -2*o + 3*m + 22 = 0, 2*m - m - 22 = -2*o. Calculate the greatest common factor of 11 and o.
11
Let x be (-34)/5*(-13 - -8). Calculate the greatest common divisor of 136 and x.
34
Let c = -37 + 43. Calculate the highest common factor of c and 15.
3
Suppose 6*l - 8*l + 86 = 0. Let c = l + -11. Calculate the highest common divisor of c and 16.
16
Suppose -4*o + 12 = -3*l, 2*o = 4*o + 3*l - 6. Let t be -5 - (6 - o) - -3. Let v be t*2*24/(-15). Calculate the highest common divisor of v and 2.
2
Suppose -3*l = 5*s - 68, -7 - 65 = -2*l + 2*s. Let n = 19 - l. Let m be (-579)/n + (-1)/4. What is the highest common divisor of 16 and m?
16
Suppose 0 = 9*j - 91 - 17. Calculate the highest common divisor of j and 48.
12
Let b = -32 + 63. Let q = -19 + b. What is the greatest common factor of 132 and q?
12
Suppose 3*l - 82 = 8. What is the highest common divisor of l and 240?
30
Let p be 4/(-6) + 110/3. Suppose p = -0*s + 4*s. Calculate the highest common divisor of 6 and s.
3
Let t be (-6)/36 + (-1 - (-2548)/24). Calculate the highest common divisor of t and 35.
35
Let q(h) = h**3 + 5*h**2 + 4*h. Let b be q(-4). Let c be (-1 - 1)*(-84 + b). Let i be -3 - -25 - 4/(-2). Calculate the highest common divisor of i and c.
24
Let h(a) = 28*a - 84. Let b be h(7). What is the highest common factor of 32 and b?
16
Let y = -103 - -124. What is the highest common divisor of y and 105?
21
Suppose -390 = -3*y - 27. Calculate the highest common divisor of 11 and y.
11
Suppose 5*s + 7 - 112 = 0. Let m = 89 + s. Calculate the greatest common divisor of m and 10.
10
Suppose -o - 3*o = -804. Suppose 79 = w - 4*u, -3*w + 3*u + 0*u + o = 0. What is the greatest common factor of w and 9?
9
Suppose 3*p = -p + 132. What is the highest common factor of p and 231?
33
Let n be -1 + 72 + 3 + 1. What is the greatest common factor of n and 15?
15
Let n = 747 + -656. Suppose -4 = 4*r - 36. Let m be 2/r - 102/(-8). Calculate the highest common factor of n and m.
13
Suppose -2 = -c - 12. Let n = 10 + c. Let u be ((-2)/(-1) - n) + 1. Calculate the highest common divisor of 3 and u.
3
Let a be (-93)/(-36)*-62 + 4/24. Let b be (-83)/((-1)/(-1 - 0)). Let c = b - a. What is the greatest common factor of c and 11?
11
Let w = 28 - 19. Let x = w + -1. Calculate the highest common divisor of 56 and x.
8
Suppose -192 = -11*b - b. What is the greatest common factor of 112 and b?
16
Suppose -4*n - 125 = -5*l - 7*n, 0 = 3*l - 3*n - 99. What is the highest common divisor of 8 and l?
4
Let q(y) = 4*y**2 + 3*y + 2. Let g(i) = i**2 + 1. Let u(w) = -3*g(w) + q(w). Let a be u(-5). What is the greatest common factor of a and 27?
9
Let x be 114/7 - (-34)/(-119). What is the greatest common divisor of x and 40?
8
Suppose 18 = -2*f - 4*i, f + 2*i + i + 14 = 0. Let c be -1 + 3 + (-81 - 1). Let u be (-1 + f)*1 - c. Calculate the greatest common divisor of u and 16.
16
Let o(g) = g**2 + 60. Let h be o(0). Suppose 5*z - h = 40. Calculate the greatest common divisor of 220 and z.
20
Let n(u) = -u - 10. Let g be n(-10). Suppose q + g*q = 2. Suppose 5 = 3*b + 2*v, q*b + v - 14 = 5*v. Calculate the greatest common divisor of 9 and b.
3
Let s be (20/6)/((-4)/(-78)). Suppose -4*c - 3*y + 99 = -86, 3*y + s = c. Calculate the greatest common factor of 125 and c.
25
Let d be (-2 + 3)*(4 + 7). What is the greatest common factor of 121 and d?
11
Let m(n) = 20*n. Let q be m(1). Let a be (-20)/(-6)*15/5. What is the greatest common factor of q and a?
10
Suppose 0 = -5*x + 31 + 9. Calculate the greatest common factor of 32 and x.
8
Let y(k) = 6*k - 1. Let r be y(2). Let s(x) = 6*x - 9. Let w be s(7). What is the highest common divisor of r and w?
11
Suppose -3*w = -0*w + 15. Let m be 3 + w - 15/(-3). What is the greatest common divisor of m and 15?
3
Let q be 10 - ((-2)/(-1))/1. Let r(l) = -10*l. Let t be r(-4). What is the greatest common divisor of t and q?
8
Let l = -68 - -110. Suppose 2*q = -q + l. Suppose -70 = 2*g - 7*g. What is the highest common divisor of g and q?
14
Suppose 2*m - 13 - 23 = 0. Calculate the highest common divisor of 72 and m.
18
Let v = -27 - -49. Calculate the highest common divisor of 176 and v.
22
Let k = -10 + 30. Calculate the greatest common factor of 5 and k.
5
Suppose -4*g - 6 = -18, 3*n - 3 = 2*g. Suppose -4*d = 3*m, -n*m + d + 21 = -2*d. What is the highest common divisor of m and 4?
4
Suppose 8*s = 10*s - 8. Calculate the greatest common factor of 12 and s.
4
Let z = -3 + 11. Let o = -4 + z. Suppose 2*p - 8 = 0, -o = -2*w + p + 2*p. Calculate the greatest common divisor of w and 4.
4
Suppose -4*w + 116 = -2*n, -40 = -w - 5*n - 0*n. Calculate the highest common factor of w and 12.
6
Let p(v) be the first derivative of -v**2 - 3*v - 1. Let x be p(-5). Suppose 0*q - 2*q = -14. Calculate the greatest common divisor of x and q.
7
Suppose 338 = 4*b + 4*d + 90, -b + 65 = -2*d. Suppose -s - 8 = -3. Let l(z) = -2*z - 3. Let y be l(s). Calculate the greatest common divisor of y and b.
7
Let k(x) = x - 1. Let d(m) = -6*m + 11. Let b(u) = -d(u) - 5*k(u). Let z